379
What are the prime factors of 172632?
2, 3, 7193
What are the prime factors of 1571250?
2, 3, 5, 419
What are the prime factors of 177996?
2, 3, 7, 13, 163
List the prime factors of 683202.
2, 3, 13, 19, 461
List the prime factors of 613747.
613747
What are the prime factors of 252739?
17, 14867
What are the prime factors of 4810265?
5, 67, 83, 173
List the prime factors of 481685.
5, 96337
List the prime factors of 634749.
3, 211583
What are the prime factors of 43890?
2, 3, 5, 7, 11, 19
What are the prime factors of 102884?
2, 17, 89
List the prime factors of 266361.
3, 19, 4673
List the prime factors of 459728.
2, 59, 487
What are the prime factors of 18330618?
2, 3, 89, 34327
What are the prime factors of 332173?
353, 941
List the prime factors of 969475.
5, 13, 19, 157
List the prime factors of 408880.
2, 5, 19, 269
List the prime factors of 4057868.
2, 19, 107, 499
What are the prime factors of 1535100?
2, 3, 5, 7, 17, 43
What are the prime factors of 28849991?
103, 280097
What are the prime factors of 10495014?
2, 3, 67, 26107
List the prime factors of 149964.
2, 3, 12497
List the prime factors of 6740544.
2, 3, 35107
What are the prime factors of 17280241?
11, 1570931
List the prime factors of 208850.
2, 5, 4177
What are the prime factors of 3099748?
2, 709, 1093
What are the prime factors of 1240165?
5, 248033
What are the prime factors of 297123?
3, 99041
List the prime factors of 5372855.
5, 349, 3079
What are the prime factors of 708908?
2, 31, 5717
What are the prime factors of 34498?
2, 47, 367
List the prime factors of 2315008.
2, 9043
What are the prime factors of 265866?
2, 3, 73, 607
List the prime factors of 725308.
2, 179, 1013
What are the prime factors of 3153231?
3, 23, 15233
List the prime factors of 1986834.
2, 3, 269, 1231
What are the prime factors of 401544?
2, 3, 11, 13
What are the prime factors of 485036?
2, 121259
List the prime factors of 29683.
29683
What are the prime factors of 700607?
53, 13219
What are the prime factors of 951214?
2, 11, 43237
What are the prime factors of 4684937?
31, 79, 1913
List the prime factors of 39666.
2, 3, 11, 601
What are the prime factors of 80844?
2, 3, 6737
List the prime factors of 447175.
5, 31, 577
List the prime factors of 238724.
2, 37, 1613
What are the prime factors of 463767?
3, 154589
List the prime factors of 1483528.
2, 185441
What are the prime factors of 39225812?
2, 9806453
List the prime factors of 3666984.
2, 3, 152791
What are the prime factors of 189321?
3, 11, 5737
List the prime factors of 1332175.
5, 13, 4099
What are the prime factors of 1277641?
643, 1987
List the prime factors of 1673724.
2, 3, 13, 10729
List the prime factors of 757317.
3, 11, 53, 433
List the prime factors of 229053.
3, 11, 631
What are the prime factors of 2542300?
2, 5, 25423
List the prime factors of 505490.
2, 5, 50549
List the prime factors of 10913125.
5, 19, 919
List the prime factors of 2741966.
2, 19, 59, 1223
List the prime factors of 387667.
7, 55381
List the prime factors of 412285.
5, 82457
List the prime factors of 1534142.
2, 767071
List the prime factors of 1729319.
179, 9661
List the prime factors of 2980377.
3, 331153
List the prime factors of 446727.
3, 43, 3463
List the prime factors of 261241.
261241
List the prime factors of 2273216.
2, 11, 3229
List the prime factors of 4668960.
2, 3, 5, 71, 137
What are the prime factors of 2838511?
13, 97, 2251
List the prime factors of 511948.
2, 131, 977
List the prime factors of 6356369.
857, 7417
List the prime factors of 81359.
81359
What are the prime factors of 1888796?
2, 7, 13, 5189
What are the prime factors of 342126?
2, 3, 83, 229
What are the prime factors of 341098?
2, 29, 5881
What are the prime factors of 130200?
2, 3, 5, 7, 31
What are the prime factors of 440475?
3, 5, 7, 839
List the prime factors of 628480.
2, 5, 491
List the prime factors of 4650443.
7, 94907
What are the prime factors of 146676?
2, 3, 17, 719
List the prime factors of 3648565.
5, 729713
List the prime factors of 20520625.
5, 32833
List the prime factors of 6909963.
3, 2303321
List the prime factors of 2346083.
547, 4289
What are the prime factors of 2409763?
43, 56041
What are the prime factors of 2892847?
2892847
What are the prime factors of 3196839?
3, 23, 107, 433
What are the prime factors of 557366?
2, 43, 6481
What are the prime factors of 28699923?
3, 7, 1366663
What are the prime factors of 8936?
2, 1117
List the prime factors of 45160.
2, 5, 1129
What are the prime factors of 3976969?
3976969
What are the prime factors of 342249?
3, 114083
What are the prime factors of 815060?
2, 5, 83, 491
What are the prime factors of 2045505?
3, 5, 7, 11, 23
List the prime factors of 6263124.
2, 3, 7, 74561
List the prime factors of 1722357.
3, 7, 13, 701
What are the prime factors of 599434?
2, 11, 2477
What are the prime factors of 397860?
2, 3, 5, 19, 349
What are the prime factors of 302137?
11, 227
List the prime factors of 3204465.
3, 5, 11, 19421
List the prime factors of 100040.
2, 5, 41, 61
List the prime factors of 990358.
2, 53, 9343
What are the prime factors of 16471786?
2, 8235893
What are the prime factors of 129008?
2, 11, 733
What are the prime factors of 361996?
2, 90499
What are the prime factors of 5576663?
17, 113, 2903
List the prime factors of 175630.
2, 5, 7, 13, 193
What are the prime factors of 31427?
11, 2857
What are the prime factors of 1178662?
2, 589331
List the prime factors of 2698463.
2698463
What are the prime factors of 487044?
2, 3, 83, 163
What are the prime factors of 2123888?
2, 13, 10211
What are the prime factors of 2208490?
2, 5, 269, 821
List the prime factors of 2358341.
53, 44497
What are the prime factors of 24292832?
2, 311, 2441
List the prime factors of 663941.
23, 28867
What are the prime factors of 5142292?
2, 193, 6661
List the prime factors of 52632.
2, 3, 17, 43
What are the prime factors of 13932579?
3, 41, 227, 499
List the prime factors of 13988982.
2, 3, 7, 333071
What are the prime factors of 664009?
664009
List the prime factors of 206986.
2, 13, 19, 419
List the prime factors of 35211011.
11, 79, 40519
What are the prime factors of 2467331?
163, 15137
List the prime factors of 3796169.
13, 43, 6791
What are the prime factors of 7296062?
2, 3648031
List the prime factors of 1866736.
2, 17, 6863
List the prime factors of 190530.
2, 3, 5, 29, 73
What are the prime factors of 14686750?
2, 5, 13, 4519
What are the prime factors of 8890844?
2, 107, 20773
What are the prime factors of 8593027?
8593027
List the prime factors of 6007053.
3, 13, 154027
List the prime factors of 741037.
11, 23, 29, 101
What are the prime factors of 151656?
2, 3, 71, 89
List the prime factors of 310190.
2, 5, 31019
What are the prime factors of 625607?
43, 14549
List the prime factors of 6460763.
439, 14717
What are the prime factors of 299995?
5, 59999
What are the prime factors of 10445382?
2, 3, 193433
What are the prime factors of 6418988?
2, 1604747
What are the prime factors of 2783076?
2, 3, 231923
List the prime factors of 5999552.
2, 13, 7211
What are the prime factors of 95205?
3, 5, 11, 577
What are the prime factors of 878285?
5, 269, 653
List the prime factors of 1776049.
11, 161459
List the prime factors of 1576718.
2, 11, 13, 37, 149
List the prime factors of 254949.
3, 17, 4999
What are the prime factors of 136581?
3, 53, 859
List the prime factors of 20455919.
11, 1859629
List the prime factors of 550086.
2, 3, 17, 5393
List the prime factors of 6901986.
2, 3, 7, 13, 12641
List the prime factors of 4011221.
4011221
List the prime factors of 7147681.
7147681
What are the prime factors of 222446?
2, 7, 15889
What are the prime factors of 6984788?
2, 457, 3821
List the prime factors of 40102715.
5, 41, 53, 3691
List the prime factors of 12376937.
12376937
List the prime factors of 3396394.
2, 59, 107, 269
What are the prime factors of 193786?
2, 96893
What are the prime factors of 16660725?
3, 5, 193, 1151
What are the prime factors of 3943837?
71, 55547
List the prime factors of 6495742.
2, 11, 503, 587
List the prime factors of 574952.
2, 7, 10267
What are the prime factors of 203944?
2, 13, 37, 53
List the prime factors of 159909.
3, 151, 353
List the prime factors of 69331.
19, 41, 